 + 5*s = -108. What is the greatest common factor of 108 and s?
36
Let p(g) = -g**3 - 5*g**2 - 5*g - 5. Let h be p(-4). Let a(u) = 23*u**2 - 9*u**2 + 18*u**2. Let d be a(h). What is the highest common divisor of 4 and d?
4
Let k(b) = b**2 - 7*b - 9. Let d be k(7). Let t be (-503)/(-3) - 3/d. Let a be ((-2)/4)/((-2)/t). What is the greatest common factor of 14 and a?
14
Let g(s) = -s + 22. Let m be g(-12). Suppose 0 = -5*n - 5*i + 150, -2*n - 162 = -7*n - 2*i. Calculate the greatest common factor of m and n.
34
Let r(g) = 2*g**2 - 2*g + 3. Let x be r(-3). Calculate the highest common factor of 27 and x.
27
Let b be (4/(-3))/(4/(-72)). What is the highest common divisor of b and 48?
24
Suppose 0 = -o - 0*o. Suppose 2*i - 10 - 14 = m, -4*m + 8 = o. What is the highest common factor of i and 52?
13
Suppose -u + 8 + 2 = 0. What is the highest common divisor of u and 90?
10
Let c(y) = -y - 1. Let q be c(-5). Suppose 0 = g - q*g + 54. Let b be (-2)/(-2) - 1/(-1). Calculate the highest common factor of g and b.
2
Let i = -1 - -3. Let l be ((-3)/i)/((-4)/16). Let o = 10 + 8. Calculate the highest common divisor of o and l.
6
Suppose 0 = -2*j + 5 + 29. What is the highest common factor of j and 17?
17
Let m be 6/(-1 + -2) - 8. Let k = -6 - m. What is the highest common factor of 2 and k?
2
Let t(h) = -h**2 - 6*h - 2. Let c be t(-5). Suppose 0 = -y - 4*m + 6, 0*y - c*m - 99 = -5*y. What is the greatest common factor of 198 and y?
18
Suppose 4*d + p = -0*d + 571, -20 = 4*p. What is the greatest common divisor of 18 and d?
18
Let d be 2 - (-31 + -1) - -1. Let g = 95 - d. Calculate the highest common factor of 6 and g.
6
Suppose 5*g = 19*g - 168. Calculate the highest common factor of 108 and g.
12
Suppose 3*c + 119 = 4*i, -2*i - 2*c = c - 37. What is the highest common divisor of i and 13?
13
Let k be 1/((-3)/45*-3). Suppose -k*r + 65 = 5. What is the greatest common factor of r and 18?
6
Suppose -66 = -5*x + 194. Let d = -99 + 187. Let a = d - x. Calculate the highest common factor of a and 12.
12
Suppose 0 = -o - 4*o. Let l(m) = -m + 105. Let u be l(o). What is the greatest common divisor of 21 and u?
21
Let r = 24 + 16. What is the greatest common divisor of r and 30?
10
Let o(i) = -2*i + 11. Let g be o(-7). Calculate the highest common divisor of g and 5.
5
Let z(x) be the first derivative of 3*x**4/4 - x**2 + x + 3. Let h be z(3). Calculate the highest common factor of 19 and h.
19
Let t(m) = m + 14. Let c be t(-10). Let a be 22*1 - 2*1. Calculate the highest common divisor of a and c.
4
Suppose 145 = 2*v - 3*m - 229, 5*v - 930 = 5*m. Suppose 3*c - 23 = 2*c. Calculate the highest common factor of c and v.
23
Suppose 359 - 34 = 5*q. Calculate the greatest common divisor of q and 26.
13
Suppose 3*p - r + 154 = 5*p, 4*p = 5*r + 294. Suppose 3*q + q = p. What is the highest common factor of 57 and q?
19
Let a = -4 - -7. Let b(i) = -1 + 0*i**2 + 2*i**2 + 3 + i + i**a. Let x be b(3). What is the highest common factor of x and 5?
5
Let j be (-4)/2*21*(-18)/12. What is the highest common divisor of j and 9?
9
Suppose -4*c = 2*n + 253 - 773, -n = 3*c - 388. Calculate the highest common divisor of 16 and c.
16
Let h be 56420/1170 + ((-8)/(-18))/(-2). What is the greatest common divisor of 12 and h?
12
Suppose -4 = 4*y + 8. Let t = y - 1. Let r be ((-1)/3)/(t/84). What is the greatest common divisor of 63 and r?
7
Let a = 60 - 36. What is the greatest common factor of 24 and a?
24
Suppose 3*p - 3*a = 0, 0 = 5*p - 2*a - 0*a - 6. Suppose -5*y + o = -10, p*y = 4*o - o - 9. What is the greatest common factor of 9 and y?
3
Suppose 2*l + 8 = 2*v - 32, 88 = 5*v - 2*l. Suppose 8*f - 4*f - 4*w = 8, -3*f + v = 2*w. What is the greatest common factor of f and 2?
2
Let v(j) = 4*j**2 - 3*j + 5. Let m be v(2). What is the highest common factor of 20 and m?
5
Suppose -i + 24 + 11 = 4*v, -v + 5 = 0. Calculate the greatest common divisor of 6 and i.
3
Let g be 66/9 - 40/(-24). Calculate the greatest common divisor of g and 3.
3
Let s(j) be the second derivative of 33*j**5/10 + j**4/12 - j**3/3 + j**2/2 + j. Let i be s(1). Calculate the highest common factor of 11 and i.
11
Suppose -2*v = v, s = -2*v - 45. Let i = s - -90. Suppose 6*z = z + i. Calculate the highest common divisor of z and 63.
9
Let d(r) = -4*r - 14. Suppose 3*t = -q + 2*t - 13, 0 = -3*t + 3. Let u be d(q). Let y = 14 + 0. Calculate the highest common factor of u and y.
14
Let c be ((-5)/2)/((-4)/(-8)). Let h be (-348)/c - 4/(-10). Calculate the greatest common divisor of h and 28.
14
Let m = 85 + -40. Suppose -20 = -4*k + 3*k - 2*l, -4*k + 69 = -3*l. What is the greatest common divisor of m and k?
9
Suppose -5*x = 10 + 15. Let v be 3/15 - 1654/x. Suppose 3*p = -136 + v. Calculate the highest common divisor of 13 and p.
13
Let i(b) = b + 5. Let x be i(-6). Let l be 3*((0 - x) + 0). Suppose -l*h = 2*c - 120, -2*c - h = -42 - 78. What is the highest common divisor of 24 and c?
12
Let q(y) = -y - 3. Let h be q(-18). What is the highest common divisor of 135 and h?
15
Suppose -3*a = 2*a - 180. Let k(h) = -h + 1. Let b be k(-11). What is the greatest common factor of a and b?
12
Let a(n) = -20*n + 1. Let y be a(-1). What is the highest common divisor of 7 and y?
7
Suppose 215 = 3*r + 4*v, -8*r = -3*r - 4*v - 337. Calculate the greatest common factor of r and 46.
23
Let j be 26/2 + 1*2. Let v = 3 + -5. Let f(n) = 2*n**2 + 2. Let r be f(v). What is the highest common divisor of j and r?
5
Let a = 179 - 34. Calculate the greatest common factor of a and 29.
29
Let y be 322/35 + (-2)/10. Calculate the greatest common factor of 1 and y.
1
Suppose 328 - 1 = 3*l. Let o = -53 + l. Suppose 4*g - 51 = -19. What is the greatest common divisor of g and o?
8
Let o = 15 - 8. Suppose 5*m - o*m + 42 = 0. What is the greatest common divisor of 3 and m?
3
Suppose -9*r + 6*r + 84 = 0. What is the greatest common divisor of 70 and r?
14
Suppose -2*l = 3*a - 0 - 14, -a - 3*l - 7 = 0. Let d be 20*1/a*22. What is the highest common divisor of d and 11?
11
Let k(l) = -l**3 + 12*l**2 - 9*l - 16. Let p be k(11). What is the greatest common divisor of p and 4?
2
Let b = 115 - 112. Calculate the greatest common divisor of 33 and b.
3
Let b = -61 - -103. Calculate the highest common factor of 168 and b.
42
Let w(k) = -k**2 + 10*k - 5. Let n be w(9). Let d(u) = -2*u - 2. Let r be d(-2). Suppose -6 = -o - r. What is the highest common divisor of o and n?
4
Suppose -3*j + 6 + 75 = 0. Calculate the highest common divisor of 9 and j.
9
Suppose -88 = -0*y + 4*y. Let o be y/(1*(-3 - -2)). Suppose -4 - o = -2*c. Calculate the greatest common factor of c and 52.
13
Suppose 9*t + 30 = 10*t. Let u(d) = -d + 19. Let j be u(9). Calculate the greatest common divisor of t and j.
10
Suppose 0 = -5*p + 4 + 1. Calculate the highest common factor of 3 and p.
1
Let r(y) = -y**3 - 3*y**2 - 2*y + 3. Let l be r(-4). What is the highest common divisor of l and 72?
9
Let z = 32 + -72. Let o be (-108)/10*z/12. What is the greatest common factor of 18 and o?
18
Suppose -4 = -2*m, -b = 7*m - 4*m - 72. What is the greatest common divisor of 99 and b?
33
Suppose -1 = -4*u + 7. Suppose 3*t - 4 = -i, 3*i + 4*t = -2*i + 20. Suppose -u*f + 0*f = -i. What is the highest common factor of 2 and f?
2
Suppose -10 = -21*i + 19*i. Calculate the highest common divisor of i and 35.
5
Suppose -3*d + 10 + 2 = 0. Suppose -d*q + 9*q = 35. Calculate the highest common divisor of q and 21.
7
Suppose 0 = z + 4*z. Suppose p - 3*s - 20 = z, p + s + 0*s = 4. Suppose 2*f - 216 = -f. Calculate the greatest common factor of p and f.
8
Let i = 17 - 12. Let j(x) = x**3 + 6*x**2 - 5*x - 5. Let k be j(-5). Let v = k + -20. Calculate the greatest common divisor of v and i.
5
Suppose 0 = -5*s + 2*s - v + 217, -2*v = 3*s - 218. Let h = 1 + 1. Let m be h/8 + 70/8. Calculate the greatest common factor of s and m.
9
Let d(o) = -o + 14. Let z be d(9). Let k be (-5 + 2)*(-2)/3. Suppose 0 = -f + k. Calculate the greatest common divisor of z and f.
1
Let u be 4/(-8) + ((-51)/(-2) - 1). Suppose -2*o = 3*o - 15. Suppose -s = s + 5*p - 6, -3*p + 18 = o*s. What is the highest common divisor of s and u?
8
Let m = 37 - 25. What is the greatest common factor of 18 and m?
6
Let j = 118 + -58. What is the highest common 